{"id":13255,"date":"2026-04-18T18:48:51","date_gmt":"2026-04-18T18:48:51","guid":{"rendered":"https:\/\/www.lewens.de\/?post_type=option&#038;p=13255"},"modified":"2026-04-18T18:55:13","modified_gmt":"2026-04-18T18:55:13","slug":"zamkniecie-trojkatne-wypelnienie-trojkatne-z-tkaniny","status":"publish","type":"option","link":"https:\/\/www.lewens.de\/pl\/option\/zamkniecie-trojkatne-wypelnienie-trojkatne-z-tkaniny\/","title":{"rendered":"Zamkni\u0119cie tr\u00f3jk\u0105tne &amp; Wype\u0142nienie tr\u00f3jk\u0105tne z tkaniny"},"content":{"rendered":"\n<div class=\"wp-block-media-text has-media-on-the-right is-stacked-on-mobile is-vertically-aligned-bottom hero hide-mobile\"><div class=\"wp-block-media-text__content\">\n<h1 class=\"wp-block-heading has-black-color has-text-color has-link-color wp-elements-f1a34325f6baab3b60099802bedb96b1\"><strong>By\u0107 mo\u017ce najbardziej intryguj\u0105cy naro\u017cnik na Twoim tarasie.<\/strong><\/h1>\n\n\n\n<p class=\"has-black-color has-text-color has-link-color wp-elements-c0d139de78f17c741384ee024fac977a\">Zamkni\u0119cie tr\u00f3jk\u0105tne marki Lewens eliminuje otw\u00f3r powy\u017cej \u015bcian bocznych \u2013 w szkle lub tkaninie, wed\u0142ug \u017cyczenia. Oba rozwi\u0105zania harmonijnie wpisuj\u0105 si\u0119 w og\u00f3lny wygl\u0105d i s\u0105 w pe\u0142ni dopasowane do serii szklanych dach\u00f3w Murano.<\/p>\n\n\n\n<hr class=\"wp-block-separator has-alpha-channel-opacity\"\/>\n<\/div><figure  class=\"wp-block-media-text__media\"><img loading=\"lazy\" decoding=\"async\" width=\"560\" height=\"629\" alt=\"\" src=\"https:\/\/www.lewens.de\/wp-content\/uploads\/2026\/04\/Lewens_Dreiecksbespannung_1.webp\" class=\"wp-image-13039 size-full\"><\/figure><\/div>\n\n\n\n<div class=\"wp-block-media-text alignfull has-media-on-the-right is-stacked-on-mobile is-vertically-aligned-bottom is-image-fill-element hero hide-desktop hide-tablet\"><div class=\"wp-block-media-text__content\">\n<h1 class=\"wp-block-heading\"><strong>By\u0107 mo\u017ce najbardziej intryguj\u0105cy naro\u017cnik na Twoim tarasie.<\/strong><\/h1>\n\n\n\n<p>Zamkni\u0119cie tr\u00f3jk\u0105tne marki Lewens eliminuje otw\u00f3r powy\u017cej \u015bcian bocznych \u2013 w szkle lub tkaninie, wed\u0142ug \u017cyczenia. Oba rozwi\u0105zania harmonijnie wpisuj\u0105 si\u0119 w og\u00f3lny wygl\u0105d i s\u0105 w pe\u0142ni dopasowane do serii szklanych dach\u00f3w Murano.<\/p>\n\n\n\n<hr class=\"wp-block-separator has-alpha-channel-opacity\"\/>\n<\/div><figure class=\"wp-block-media-text__media\"><img loading=\"lazy\" decoding=\"async\" width=\"1120\" height=\"1258\" src=\"https:\/\/www.lewens.de\/wp-content\/uploads\/2026\/04\/Lewens_Dreiecksbespannung_1-1.webp\" alt=\"\" class=\"wp-image-13125 size-full\" style=\"object-position:50% 50%\"\/><\/figure><\/div>\n\n\n\n<div class=\"wp-block-group is-layout-constrained wp-block-group-is-layout-constrained\">\n<div class=\"wp-block-media-text is-stacked-on-mobile is-image-fill-element has-white-background-color has-background\"><figure class=\"wp-block-media-text__media\"><img loading=\"lazy\" decoding=\"async\" width=\"1122\" height=\"732\" src=\"https:\/\/www.lewens.de\/wp-content\/uploads\/2026\/04\/Lewens_Dreieckschluss_A-1.webp\" alt=\"\" class=\"wp-image-13120 size-full\" style=\"object-position:50% 50%\"\/><\/figure><div class=\"wp-block-media-text__content\">\n<h2 class=\"wp-block-heading has-black-color has-text-color has-link-color wp-elements-110578a66283b2fcf7f7b00e7f2eebc6\">Zamkni\u0119cie tr\u00f3jk\u0105tne \u2013 typ A (listwy mocuj\u0105ce szk\u0142o)<\/h2>\n\n\n\n<p class=\"has-black-color has-text-color has-link-color wp-elements-554b70309b64860b5c04aced401ba994\">Kraw\u0119dziowe i niemal niewidoczne: W typie A szk\u0142o jest mocowane od g\u00f3ry i od do\u0142u za pomoc\u0105 listew mocuj\u0105cych. Efektem jest czyste, r\u00f3wne z powierzchni\u0105 zako\u0144czenie, kt\u00f3re wizualnie wtapia si\u0119 w szklany dach.<\/p>\n<\/div><\/div>\n<\/div>\n\n\n\n<div class=\"wp-block-group is-layout-constrained wp-block-group-is-layout-constrained\">\n<div class=\"wp-block-media-text has-media-on-the-right is-stacked-on-mobile is-image-fill-element has-white-background-color has-background\"><div class=\"wp-block-media-text__content\">\n<h2 class=\"wp-block-heading has-black-color has-text-color has-link-color wp-elements-841d88f64586f20e15854f0783dc910c\">Zamkni\u0119cie tr\u00f3jk\u0105tne \u2013 typ B (zaciski mocuj\u0105ce szk\u0142o)<\/h2>\n\n\n\n<p class=\"has-black-color has-text-color has-link-color wp-elements-9d18dc8a14d9edebddecf5c51e6588da\">Dla tych, kt\u00f3rzy preferuj\u0105 bardziej wyrazisty wygl\u0105d: W typie B zaciski mocuj\u0105ce szk\u0142o zapewniaj\u0105 atrakcyjne wizualnie, unosz\u0105ce si\u0119 mocowanie z obwodow\u0105 szczelin\u0105 powietrzn\u0105 \u2013 subtelny detal, kt\u00f3ry robi r\u00f3\u017cnic\u0119.<\/p>\n<\/div><figure class=\"wp-block-media-text__media\"><img loading=\"lazy\" decoding=\"async\" width=\"1122\" height=\"732\" src=\"https:\/\/www.lewens.de\/wp-content\/uploads\/2026\/04\/Lewens_Dreieckschluss_B-1.webp\" alt=\"\" class=\"wp-image-13122 size-full\" style=\"object-position:50% 50%\"\/><\/figure><\/div>\n<\/div>\n\n\n\n<div class=\"wp-block-group is-layout-constrained wp-block-group-is-layout-constrained\">\n<div class=\"wp-block-media-text is-stacked-on-mobile is-image-fill-element has-white-background-color has-background\"><figure class=\"wp-block-media-text__media\"><img loading=\"lazy\" decoding=\"async\" width=\"1122\" height=\"732\" src=\"https:\/\/www.lewens.de\/wp-content\/uploads\/2026\/04\/Lewens_Dreiecksbespannung_2-1.webp\" alt=\"\" class=\"wp-image-13123 size-full\" style=\"object-position:50% 50%\"\/><\/figure><div class=\"wp-block-media-text__content\">\n<p><span class=\"badge\">Nowy produkt<\/span><\/p>\n\n\n\n<h2 class=\"wp-block-heading has-black-color has-text-color has-link-color wp-elements-4df46fe86aa89db0e67a5758825e1214\">Wype\u0142nienie tr\u00f3jk\u0105tne z tkaniny<\/h2>\n\n\n\n<p class=\"has-black-color has-text-color has-link-color wp-elements-4994a7a4519cd2dfa77e636c933d054b\">Tekstylna alternatywa dla szk\u0142a. Tr\u00f3jk\u0105tny otw\u00f3r mo\u017cna elegancko zamkn\u0105\u0107 tkanin\u0105 z naszego asortymentu tkanin markizowych Lewens \u2013 bez \u017cadnego sta\u0142ego zamkni\u0119cia szklanego. Kompatybilne ze wszystkimi szklanymi dachami Murano.<\/p>\n<\/div><\/div>\n<\/div>\n","protected":false},"excerpt":{"rendered":"<p>\u017baden k\u0105t nie pozostaje otwarty. Zamkni\u0119cie tr\u00f3jk\u0105tne to idealne uzupe\u0142nienie wszystkich szklanych dach\u00f3w Murano \u2013 niweluj\u0105ce otw\u00f3r powy\u017cej \u015bcian bocznych, do wyboru w szkle lub tkaninie.<\/p>\n","protected":false},"featured_media":13039,"parent":0,"menu_order":0,"template":"","meta":{"_locale":"pl_PL","_original_post":"https:\/\/www.lewens.de\/?post_type=option&p=13036","_thumbnails":[13039],"footnotes":"","_hide_thumbnail":true},"badge":[548],"class_list":["post-13255","option","type-option","status-publish","has-post-thumbnail","hentry","badge-nowy-produkt","pl-PL","teaser-view"],"aioseo_notices":[],"_links":{"self":[{"href":"https:\/\/www.lewens.de\/wp-json\/wp\/v2\/option\/13255","targetHints":{"allow":["GET"]}}],"collection":[{"href":"https:\/\/www.lewens.de\/wp-json\/wp\/v2\/option"}],"about":[{"href":"https:\/\/www.lewens.de\/wp-json\/wp\/v2\/types\/option"}],"version-history":[{"count":3,"href":"https:\/\/www.lewens.de\/wp-json\/wp\/v2\/option\/13255\/revisions"}],"predecessor-version":[{"id":13264,"href":"https:\/\/www.lewens.de\/wp-json\/wp\/v2\/option\/13255\/revisions\/13264"}],"wp:featuredmedia":[{"embeddable":true,"href":"https:\/\/www.lewens.de\/wp-json\/wp\/v2\/media\/13039"}],"wp:attachment":[{"href":"https:\/\/www.lewens.de\/wp-json\/wp\/v2\/media?parent=13255"}],"wp:term":[{"taxonomy":"badge","embeddable":true,"href":"https:\/\/www.lewens.de\/wp-json\/wp\/v2\/badge?post=13255"}],"curies":[{"name":"wp","href":"https:\/\/api.w.org\/{rel}","templated":true}]}}

Zamknięcie trójkątne &amp; Wypełnienie trójkątne z tkaniny

<div class="wp-block-media-text has-media-on-the-right is-stacked-on-mobile is-vertically-aligned-bottom hero hide-mobile"><div class="wp-block-media-text__content">
<h1 class="wp-block-heading has-black-color has-text-color has-link-color wp-elements-f1a34325f6baab3b60099802bedb96b1"><strong>Być może najbardziej intrygujący narożnik na Twoim tarasie.</strong></h1>



<p class="has-black-color has-text-color has-link-color wp-elements-c0d139de78f17c741384ee024fac977a">Zamknięcie trójkątne marki Lewens eliminuje otwór powyżej ścian bocznych – w szkle lub tkaninie, według życzenia. Oba rozwiązania harmonijnie wpisują się w ogólny wygląd i są w pełni dopasowane do serii szklanych dachów Murano.</p>



<hr class="wp-block-separator has-alpha-channel-opacity"/>
</div><figure  class="wp-block-media-text__media"><img loading="lazy" decoding="async" width="560" height="629" alt="" src="https://www.lewens.de/wp-content/uploads/2026/04/Lewens_Dreiecksbespannung_1.webp" class="wp-image-13039 size-full"></figure></div>



<div class="wp-block-media-text alignfull has-media-on-the-right is-stacked-on-mobile is-vertically-aligned-bottom is-image-fill-element hero hide-desktop hide-tablet"><div class="wp-block-media-text__content">
<h1 class="wp-block-heading"><strong>Być może najbardziej intrygujący narożnik na Twoim tarasie.</strong></h1>



<p>Zamknięcie trójkątne marki Lewens eliminuje otwór powyżej ścian bocznych – w szkle lub tkaninie, według życzenia. Oba rozwiązania harmonijnie wpisują się w ogólny wygląd i są w pełni dopasowane do serii szklanych dachów Murano.</p>



<hr class="wp-block-separator has-alpha-channel-opacity"/>
</div><figure class="wp-block-media-text__media"><img loading="lazy" decoding="async" width="1120" height="1258" src="https://www.lewens.de/wp-content/uploads/2026/04/Lewens_Dreiecksbespannung_1-1.webp" alt="" class="wp-image-13125 size-full" style="object-position:50% 50%"/></figure></div>



<div class="wp-block-group is-layout-constrained wp-block-group-is-layout-constrained">
<div class="wp-block-media-text is-stacked-on-mobile is-image-fill-element has-white-background-color has-background"><figure class="wp-block-media-text__media"><img loading="lazy" decoding="async" width="1122" height="732" src="https://www.lewens.de/wp-content/uploads/2026/04/Lewens_Dreieckschluss_A-1.webp" alt="" class="wp-image-13120 size-full" style="object-position:50% 50%"/></figure><div class="wp-block-media-text__content">
<h2 class="wp-block-heading has-black-color has-text-color has-link-color wp-elements-110578a66283b2fcf7f7b00e7f2eebc6">Zamknięcie trójkątne – typ A (listwy mocujące szkło)</h2>



<p class="has-black-color has-text-color has-link-color wp-elements-554b70309b64860b5c04aced401ba994">Krawędziowe i niemal niewidoczne: W typie A szkło jest mocowane od góry i od dołu za pomocą listew mocujących. Efektem jest czyste, równe z powierzchnią zakończenie, które wizualnie wtapia się w szklany dach.</p>
</div></div>
</div>



<div class="wp-block-group is-layout-constrained wp-block-group-is-layout-constrained">
<div class="wp-block-media-text has-media-on-the-right is-stacked-on-mobile is-image-fill-element has-white-background-color has-background"><div class="wp-block-media-text__content">
<h2 class="wp-block-heading has-black-color has-text-color has-link-color wp-elements-841d88f64586f20e15854f0783dc910c">Zamknięcie trójkątne – typ B (zaciski mocujące szkło)</h2>



<p class="has-black-color has-text-color has-link-color wp-elements-9d18dc8a14d9edebddecf5c51e6588da">Dla tych, którzy preferują bardziej wyrazisty wygląd: W typie B zaciski mocujące szkło zapewniają atrakcyjne wizualnie, unoszące się mocowanie z obwodową szczeliną powietrzną – subtelny detal, który robi różnicę.</p>
</div><figure class="wp-block-media-text__media"><img loading="lazy" decoding="async" width="1122" height="732" src="https://www.lewens.de/wp-content/uploads/2026/04/Lewens_Dreieckschluss_B-1.webp" alt="" class="wp-image-13122 size-full" style="object-position:50% 50%"/></figure></div>
</div>



<div class="wp-block-group is-layout-constrained wp-block-group-is-layout-constrained">
<div class="wp-block-media-text is-stacked-on-mobile is-image-fill-element has-white-background-color has-background"><figure class="wp-block-media-text__media"><img loading="lazy" decoding="async" width="1122" height="732" src="https://www.lewens.de/wp-content/uploads/2026/04/Lewens_Dreiecksbespannung_2-1.webp" alt="" class="wp-image-13123 size-full" style="object-position:50% 50%"/></figure><div class="wp-block-media-text__content">
<p><span class="badge">Nowy produkt</span></p>



<h2 class="wp-block-heading has-black-color has-text-color has-link-color wp-elements-4df46fe86aa89db0e67a5758825e1214">Wypełnienie trójkątne z tkaniny</h2>



<p class="has-black-color has-text-color has-link-color wp-elements-4994a7a4519cd2dfa77e636c933d054b">Tekstylna alternatywa dla szkła. Trójkątny otwór można elegancko zamknąć tkaniną z naszego asortymentu tkanin markizowych Lewens – bez żadnego stałego zamknięcia szklanego. Kompatybilne ze wszystkimi szklanymi dachami Murano.</p>
</div></div>
</div>

<p>Żaden kąt nie pozostaje otwarty. Zamknięcie trójkątne to idealne uzupełnienie wszystkich szklanych dachów Murano – niwelujące otwór powyżej ścian bocznych, do wyboru w szkle lub tkaninie.</p>
